o - 118 = 0. Let k(w) = 19*w. What is the remainder when n is divided by k(1)?
17
Suppose 4*r = -3*v + 19, -3*r + 15 = 3*v - 0. What is the remainder when 24 is divided by (r/(-1) + -14)/(-2)?
6
Let i(l) = 26*l**2 + l - 2. What is the remainder when (324/24 - 12) + 382/4 is divided by i(1)?
22
Let o(q) = q**2 + q. Let v(t) = 2*t**2 + 7*t - 4. Let d(l) = 3*o(l) - v(l). What is the remainder when 146 is divided by d(-5)?
48
Let i(t) = 4*t**3 + t**2 + 25*t + 3. Let w(n) = n**3 + 8*n + 1. Let d(s) = -2*i(s) + 7*w(s). Calculate the remainder when d(-5) is divided by 12.
10
Calculate the remainder when (1 - -325)*8/(-32)*-2 is divided by 25.
13
Let q = 1 - -41. Suppose 2 - q = -4*a. Calculate the remainder when 13 is divided by a.
3
Let f = -2 - -79. Let g = f + -12. What is the remainder when g is divided by 26?
13
Let x be ((-14)/6)/((-1)/(-3)). Let p(h) = h**3 + 8*h**2 + 2*h - 18. What is the remainder when p(x) is divided by 5?
2
Suppose 3*i = 4*p + 65, 0 = -4*i + 2*p + 2*p + 88. Suppose 25*b - i = 24*b. Calculate the remainder when b is divided by 9.
5
Suppose -y = -2*f + 5*f - 10, -3*y = -3*f + 18. What is the remainder when (-9)/(y*(-4)/(-24)) is divided by 14?
13
Let q(x) = -x**2 - 4*x + 200. Calculate the remainder when 134 is divided by q(12).
6
Let k = -36 + 43. Suppose -333 = -k*w - 2*w. Calculate the remainder when w is divided by 10.
7
Suppose 4*c = 6*b - 5*b - 50, -5*b = -c - 250. Calculate the remainder when 849 is divided by b.
49
Let b = -18 + 29. Suppose 0 = -9*a + 5*a. Let m = a - -4. What is the remainder when b is divided by m?
3
What is the remainder when 94 is divided by (-4 + 0 + -4)*(1 - 5)?
30
Let d be -5*(72/(-20))/2. Suppose 3*c - d = -3*s, 0*s = -3*c + 3*s + 9. Suppose -v + c*v = 4*i - 22, v = -1. Calculate the remainder when 12 is divided by i.
2
Let d = -725 + 1383. What is the remainder when d is divided by 11?
9
Let z(a) = a**3 + 6*a**2 - 7*a + 2. Let o be z(-7). Suppose 0*c + 44 = o*c. Calculate the remainder when c is divided by 6.
4
Let u = -275 + 281. Calculate the remainder when 55 is divided by u.
1
Let h = -355 + 389. Calculate the remainder when h is divided by 8.
2
Suppose -4*y + 2*y + 2*t + 34 = 0, -2*y = -5*t - 40. Suppose 3*j - n = 119, 262 - 199 = j + 3*n. What is the remainder when j is divided by y?
12
Suppose -9*j + 4*j - 140 = 0. Let t = -18 - j. What is the remainder when 36 is divided by t?
6
Suppose 4*y + 60 - 276 = 0. Calculate the remainder when y is divided by 7.
5
Let g(a) be the first derivative of 7*a**2/2 - 17. What is the remainder when 26 is divided by g(1)?
5
Suppose 6*s - 28 = 2*s. Suppose -d = 4*f - 12, 2*d = s*d. Suppose f = -v + 13. What is the remainder when 27 is divided by v?
7
Suppose 9 = 4*b - b. Suppose -5*q - x + 74 = 0, -q - 3*x = 4*q - 72. What is the remainder when (-3)/b*(-40 + -4) is divided by q?
14
What is the remainder when 294 is divided by -7 + ((-20)/7)/((-60)/210)?
0
Suppose -51*o - 188 = -52*o. Calculate the remainder when o is divided by 19.
17
Let x = 2611 - 1377. Calculate the remainder when x is divided by 13.
12
Let q = 58 - 35. Suppose 0 = 5*b + 6 - 231. What is the remainder when (-1)/1*-2*b is divided by q?
21
Let o = 535 - 514. What is the remainder when 115 is divided by o?
10
Let g = -12 - -16. Suppose -5*q = 5, g*s + 9 - 29 = 4*q. Suppose 8 = r + r + 4*w, -s*w = 5*r - 20. What is the remainder when 15 is divided by r?
3
Let q(v) = -3*v**2 - 117*v - 21. What is the remainder when q(-36) is divided by 19?
18
Let y(g) = -217*g + 836. Calculate the remainder when y(0) is divided by 30.
26
Let m be (-5)/((-65)/(-2)) - (-18)/117. Suppose 3*s - 159 = -3*v - 9, m = s + 3*v - 52. What is the remainder when s is divided by 25?
24
Let m(t) = t**2 - 5. Let c(i) = -i**2 - 4*i + 1. Let w be c(-5). What is the remainder when 42 is divided by m(w)?
9
Let h(m) = -69*m**2 - 280*m + 8. Calculate the remainder when h(-4) is divided by 5.
4
Let z = -7 - -10. Let g be 2*z/(-2) - -37. Let h = -9 + g. What is the remainder when 73 is divided by h?
23
Let p(l) = 4*l**2 - 25*l - 288. Suppose i - 3*r = 6, -3*i - 2*r = -5*r - 30. Calculate the remainder when p(-7) is divided by i.
11
Let z(v) = -11*v - 21. What is the remainder when z(-9) is divided by 10?
8
Suppose 4*g + 20 = -0*g, 3*g = -2*n - 15. Suppose -4*s + 5*s - 3*f - 61 = 0, 2*s - 5*f - 117 = n. What is the remainder when s is divided by 6?
4
Let c = -11 - -11. Suppose c = -3*y, 20 = 5*l - 4*y + 5*y. Suppose 0*q + l*q - 196 = 0. Calculate the remainder when q is divided by 17.
15
Suppose -b - 14350 + 14363 = 0. Calculate the remainder when 348 is divided by b.
10
Let r = 229 - 182. What is the remainder when r is divided by 4?
3
Let w(f) = -135*f**3 + 3*f**2 + 8*f + 5. Calculate the remainder when w(-1) is divided by 17.
16
Let u = -31 + 17. Let x = u + 38. What is the remainder when 69 is divided by x?
21
Suppose -4*z + 1183 = -45*r + 40*r, -2*z = -5*r - 589. What is the remainder when z is divided by 50?
47
What is the remainder when (-2 - (-238 - -5))*1 is divided by 20?
11
Suppose 21 = 3*p + 3*i, 5*p - 4*i - 7 = 10. Suppose -p*t - 85 = -5*d, 0 = -2*t - 0 + 2. What is the remainder when 53 is divided by d?
17
Suppose -3*h = s - 480, 2*h + 3*h + s = 798. Let l = 173 - h. What is the remainder when 39 is divided by l?
11
Let o(f) be the second derivative of -f**5/20 + f**4/2 + 2*f**3 + f**2 - 10*f. What is the remainder when o(7) is divided by 13?
11
Suppose -59 = 4*g + 257. Let b = -65 - g. Calculate the remainder when 138 is divided by b.
12
Let w be (90/(-12))/((-1)/6). Let y = 15 - w. Let b = -26 - y. Calculate the remainder when 4 is divided by b.
0
Suppose -5*r + 16*r = 8668. Calculate the remainder when r is divided by 11.
7
Let h(f) = f**3 - 4*f + 3. Let m be h(2). Suppose -t = -m*j - 43, -64 - 5 = 5*j - t. Let q = -6 - j. What is the remainder when 12 is divided by q?
5
Let k(h) = h**2 - 3*h + 9 + h**2 + 6*h. Let l be k(-7). Suppose -95 = -2*x - 5*r, 2*x - 4*r - l = -0*x. Calculate the remainder when x is divided by 12.
9
Let s(z) = -6*z + 40. Let k be 5 + (-1 - (0 - -1)). Let u = 3 + 39. What is the remainder when u is divided by s(k)?
20
Calculate the remainder when 0/(-7) + 83 + -3 is divided by 15.
5
Suppose -3*n - 5*d + 14 = 0, 0 = -4*d + 12 + 4. Let i = n + 13. Let w(c) = 515*c + 12916. What is the remainder when w(-25) is divided by i?
8
Suppose -8*p = 77 - 869. What is the remainder when p is divided by 50?
49
Let k be 15/8 + (-15)/(-120). Suppose 104 = k*l + 26. What is the remainder when l is divided by 10?
9
Suppose -2*t = 5 - 9. Suppose 0 = -j - m + 1, 3*m - 3 = t*j - 25. Calculate the remainder when 32 is divided by j.
2
Suppose -4*u + 2 + 14 = 0. Calculate the remainder when 71 is divided by u/((-3)/((-36)/8)).
5
Let x(j) = j**3 + 6*j**2 - 4*j - 18. Let y be 184/(-30) - (-54)/405. What is the remainder when 125 is divided by x(y)?
5
Let w = -8 + 17. Suppose -2*x + 4 = t + 3*t, -4*x - 5*t = -11. Suppose 2*h - 63 = -5*k, -x*h = -2*h - 4*k - 72. Calculate the remainder when h is divided by w.
7
Let f(k) = k + 138. Let r = -47 + 79. Calculate the remainder when f(-18) is divided by r.
24
Suppose 0*o + 8*o = 96. Let k = 70 + -37. Calculate the remainder when k is divided by o.
9
What is the remainder when 12/8*804/(-18)*-4 is divided by 54?
52
Suppose -2*g + 14 = -0*g. Suppose -7*a = -11*a + 16. Suppose -4*u + 3*r = -r - 40, 5*r - 49 = -a*u. What is the remainder when u is divided by g?
4
Let x(c) = c**2 - 7*c - 20. Let z be x(13). Calculate the remainder when ((-4)/(-2 + 0))/(4/z) is divided by 6.
5
Let o(s) be the second derivative of -s**5/20 - s**4/3 + 4*s**3/3 + s**2/2 + 12*s. Calculate the remainder when o(-6) is divided by 13.
12
Let i be 4/(-16) - 63/(-12). Let d be (66/55)/(2/i). Suppose d*r = -0*r + 66. What is the remainder when r is divided by 12?
10
Suppose 0 = 4*l + 3*t - 1422, 2*l + 2*t - 651 - 59 = 0. What is the remainder when l is divided by 73?
65
Let g = 2 - -14. Let i = 17 - g. What is the remainder when (3 + -4 + 24)*i is divided by 6?
5
Let x = 383 - 306. Calculate the remainder when 301 is divided by x.
70
Let c(d) = -d**3 - 10*d**2 - d - 5. Let y be c(-10). What is the remainder when 90 is divided by (31/(-3))/(y/(-15))?
28
Suppose 0 = -3*t + 3*k + 24, -4*t = -3*t + 2*k -